01?
1
What is the hundreds digit of 276565?
5
What is the hundred thousands digit of 11953820?
9
What is the units digit of 554397?
7
What is the units digit of 1544361?
1
What is the hundreds digit of 6724195?
1
What is the hundred thousands digit of 37688528?
6
What is the thousands digit of 2339319?
9
What is the hundred thousands digit of 945658?
9
What is the hundred thousands digit of 6049894?
0
What is the hundred thousands digit of 2774380?
7
What is the thousands digit of 2772041?
2
What is the tens digit of 3059462?
6
What is the hundred thousands digit of 380180?
3
What is the ten thousands digit of 9449612?
4
What is the units digit of 21465458?
8
What is the ten thousands digit of 783876?
8
What is the hundred thousands digit of 7909065?
9
What is the hundred thousands digit of 706732?
7
What is the thousands digit of 502866?
2
What is the units digit of 9038934?
4
What is the units digit of 50846?
6
What is the hundred thousands digit of 16576443?
5
What is the millions digit of 7786316?
7
What is the tens digit of 420873?
7
What is the thousands digit of 165369?
5
What is the units digit of 654811?
1
What is the hundred thousands digit of 444729?
4
What is the ten thousands digit of 2074189?
7
What is the units digit of 183137?
7
What is the thousands digit of 156477?
6
What is the thousands digit of 97803?
7
What is the hundred thousands digit of 2218475?
2
What is the units digit of 1405102?
2
What is the tens digit of 1100133?
3
What is the ten thousands digit of 731484?
3
What is the thousands digit of 319693?
9
What is the hundred thousands digit of 6907455?
9
What is the hundreds digit of 4283442?
4
What is the ten millions digit of 16282142?
1
What is the hundred thousands digit of 239894?
2
What is the hundreds digit of 214900?
9
What is the units digit of 4751414?
4
What is the thousands digit of 95624?
5
What is the units digit of 125674?
4
What is the tens digit of 11576689?
8
What is the thousands digit of 14749707?
9
What is the thousands digit of 1781644?
1
What is the thousands digit of 2129613?
9
What is the units digit of 973642?
2
What is the millions digit of 12226468?
2
What is the tens digit of 499122?
2
What is the millions digit of 2302293?
2
What is the units digit of 7670431?
1
What is the millions digit of 1107712?
1
What is the hundreds digit of 1483996?
9
What is the thousands digit of 352437?
2
What is the tens digit of 85565?
6
What is the tens digit of 2352589?
8
What is the units digit of 9301071?
1
What is the thousands digit of 336996?
6
What is the millions digit of 3140837?
3
What is the hundreds digit of 561178?
1
What is the thousands digit of 12756404?
6
What is the millions digit of 32441423?
2
What is the thousands digit of 853133?
3
What is the hundred thousands digit of 719830?
7
What is the hundreds digit of 314057?
0
What is the hundred thousands digit of 2227744?
2
What is the thousands digit of 961682?
1
What is the thousands digit of 407714?
7
What is the units digit of 256475?
5
What is the units digit of 6794819?
9
What is the thousands digit of 13214279?
4
What is the thousands digit of 33526086?
6
What is the hundreds digit of 270361?
3
What is the units digit of 13393124?
4
What is the units digit of 1786950?
0
What is the hundred thousands digit of 611082?
6
What is the units digit of 1755047?
7
What is the units digit of 215881?
1
What is the hundreds digit of 9750236?
2
What is the ten thousands digit of 868645?
6
What is the thousands digit of 43645?
3
What is the thousands digit of 105417?
5
What is the hundreds digit of 20505622?
6
What is the tens digit of 7836940?
4
What is the ten thousands digit of 426059?
2
What is the tens digit of 3058878?
7
What is the tens digit of 2822255?
5
What is the hundred thousands digit of 520771?
5
What is the ten thousands digit of 29223187?
2
What is the units digit of 410964?
4
What is the units digit of 144559?
9
What is the hundred thousands digit of 5335094?
3
What is the tens digit of 230650?
5
What is the hundred thousands digit of 897084?
8
What is the ten thousands digit of 1483451?
8
What is the ten thousands digit of 289299?
8
What is the hundreds digit of 686787?
7
What is the hundreds digit of 1416249?
2
What is the hundreds digit of 331796?
7
What is the millions digit of 1297165?
1
What is the hundreds digit of 135969?
9
What is the hundreds digit of 3776595?
5
What is the tens digit of 185336?
3
What is the ten thousands digit of 862201?
6
What is the millions digit of 4843839?
4
What is the thousands digit of 1836036?
6
What is the units digit of 5870022?
2
What is the ten thousands digit of 9699067?
9
What is the millions digit of 2192431?
2
What is the tens digit of 479728?
2
What is the tens digit of 80295?
9
What is the hundreds digit of 3666?
6
What is the millions digit of 40640774?
0
What is the millions digit of 10591052?
0
What is the tens digit of 4706350?
5
What is the ten thousands digit of 294689?
9
What is the millions digit of 3006057?
3
What is the hundreds digit of 717893?
8
What is the ten thousands digit of 759996?
5
What is the hundreds digit of 652065?
0
What is the thousands digit of 469041?
9
What is the ten thousands digit of 2314277?
1
What is the hundred thousands digit of 263398?
2
What is the hundred thousands digit of 200631?
2
What is the millions digit of 8888538?
8
What is the thousands digit of 773459?
3
What is the ten thousands digit of 1355267?
5
What is the ten thousands digit of 1954097?
5
What is the thousands digit of 308727?
8
What is the units digit of 95457?
7
What is the ten thousands digit of 352596?
5
What is the units digit of 112726?
6
What is the hundreds digit of 12476457?
4
What is the ten thousands digit of 906435?
0
What is the thousands digit of 4842624?
2
What is the hundreds digit of 35358117?
1
What is the hundred thousands digit of 1006535?
0
What is the hundreds digit of 317090?
0
What is the tens digit of 209082?
8
What is the ten thousands digit of 24705902?
0
What is the tens digit of 793376?
7
What is the tens digit of 260688?
8
What is the tens digit of 16831?
3
What is the ten thousands digit of 2890644?
9
What is the units digit of 8908030?
0
What is the hundreds digit of 783733?
7
What is the thousands digit of 2747558?
7
What is the hundreds digit of 811821?
8
What is the hundreds digit of 17493379?
3
What is the ten thousands digit of 37349?
3
What is the ten thousands digit of 27915048?
1
What is the hundred thousands digit of 19691173?
6
What is the hundreds digit of 11989445?
4
What is the ten thousands digit of 329276?
2
What is the tens digit of 1073608?
0
What is the units digit of 5606156?
6
What is the thousands digit of 160785?
0
What is the tens digit of 363520?
2
What is the millions digit of 1819836?
1
What is the units digit of 85506?
6
What is the millions digit of 35010685?
5
What is the ten thousands digit of 99362?
9
What is the thousands digit of 4343567?
3
What is the hundreds digit of 572861?
8
What is the tens digit of 204863?
6
What is the ten thousands digit of 515211?
1
What is the tens digit of 11968329?
2
What is the ten thousands digit of 832678?
3
What is the hundreds digit of 4342?
3
What is the units digit of 3365925?
5
What is the tens digit of 38134659?
5
What is the ten thousands digit of 236832?
3
What is the hundred thousands digit of 1609477?
6
What is the units digit of 147580?
0
What is the hundred thousands digit of 4409923?
4
What is the hundreds digit of 556495?
4
What is the hundreds digit of 277862?
8
What is the hundreds digit of 63663?
6
What is the hundreds digit of 222065?
0
What is the hundred thousands digit of 14136474?
1
What is the units digit of 2876822?
2
What is the thousands digit of 1010740?
0
What is the units digit of 2134479?
9
What is the thousands digit of 479471?
9
What is the units digit of 1691455?
5
What is the units digit of 1439608?
8
What is the tens digit of 4807052?
5
What is the thousands digit of 1121839?
1
What is the thousands digit of 3446057?
6
What is the ten thousands digit of 229250?
2
What is the thousands digit of 519343?
9
What is the tens digit of 17395588?
8
What is the units digit of 324837?
7
What is the hundred thousands digit of 10635072?
6
What is the thousa